t s = -7 + 24. Suppose -3*o = -2*q, 2*q - 4*o + s = 5*q. Suppose -q*u + 385 = 4*k, 4*k = u + 438 - 65. What is the remainder when k is divided by 24?
22
Let a = -5 + 15. Suppose o - a = -4*s, -3*o - 6 = s - 14. Suppose x = 4*j + 13, 2*x + o*j = -3*j. Calculate the remainder when 19 is divided by x.
4
Let y = -103 + 139. What is the remainder when 79 is divided by y?
7
Let c(n) = n**2 - 25*n - 44. Calculate the remainder when 26 is divided by c(27).
6
Suppose 31*r - 91 = 157. Calculate the remainder when 67 is divided by r.
3
Suppose -6 = 5*u + 2*r - 71, u = 5*r + 13. Suppose 0 = t + 4*t - 15. Suppose -191 = -4*y - 3*o, -3*o = -6*o + t. Calculate the remainder when y is divided by u.
8
Suppose 135 = -4*f + 2*j + 3*j, 0 = -2*f + 2*j - 66. What is the remainder when 2/(-3) + 288/27 is divided by f/35*(-14)/3?
2
Let a(c) = 89*c + 10378. Let p(u) = u**2 - u + 107. What is the remainder when p(0) is divided by a(-116)?
53
Suppose -5*t + 4*w + 147 = 0, t + 4*t = 3*w + 149. Calculate the remainder when (8 + -4)*t/2 is divided by 33.
29
Suppose 5*d + 2*o = 140, 140 = 4*d + 2*o - 6*o. Let s = 104 + -113. Calculate the remainder when 6/s - (-789)/9 is divided by d.
27
Suppose -x = 6*x. Let c = 15 - x. Calculate the remainder when c is divided by 9.
6
Suppose 4*a - i - 55 = -0*i, -2*i + 25 = a. Let x = 184 - 184. Suppose -5*t = 7 + 13, 5*y + 2*t - 282 = x. What is the remainder when y is divided by a?
13
Suppose -5*o + 35 = 2*u, -o + 20 = 2*u - 11. Suppose -u*b = -20*b + 390. Calculate the remainder when b is divided by 20.
18
Let i be 1102*(-2)/(6*-1 + 2). Suppose 9*q - i = 520. What is the remainder when q is divided by 30?
29
Suppose -11 + 1 = 2*c. Suppose -667*y + 681*y = 490. What is the remainder when y is divided by (-47)/c - (-6)/(-15)?
8
Let y = 6 - -7. What is the remainder when 16 is divided by 6/1*(y - 12)?
4
Suppose 0*i = -5*i + 15, -3*i = u - 3. Let q be (-4)/(-14) + (-340)/14. Calculate the remainder when 63 is divided by (0 - q)/((-9)/u).
15
Let y(q) = -7*q**2 + 6 + 9*q**2 - 9. What is the remainder when 58 is divided by y(3)?
13
Suppose 2*m + 5*m = 154. What is the remainder when m is divided by 7?
1
Let v(h) be the third derivative of h**4/24 - 7*h**3/3 + 14*h**2. Calculate the remainder when 17 is divided by v(19).
2
What is the remainder when 86 is divided by (-884)/(-13) + (3 - (-4)/2)?
13
Suppose 2*x - 13 - 29 = 0. Let z = x - 5. Suppose z = -5*a + 66. Calculate the remainder when 39 is divided by a.
9
Let v be (-12)/(6/(-4) + 0). Let y = 10 - v. Suppose -20 = -y*w + 12. What is the remainder when 63 is divided by w?
15
Suppose -4*s = n - 25, -n + s - 10 = -2*n. Suppose -n*p + 14 = -4*p. Calculate the remainder when ((-27)/2)/(2/(-4)) is divided by p.
13
Let u(z) = 9*z**2 - 3*z. Let s = -39 + 51. Let c(x) = x**3 - 11*x**2 - 4*x - 8. What is the remainder when c(s) is divided by u(2)?
28
Let s = -323 + 353. What is the remainder when s is divided by 20?
10
Suppose 269*d - 2016 = 265*d. Calculate the remainder when d is divided by 46.
44
Let a(f) = 6*f - f**2 + 3*f**3 - 6*f + 17*f**3. Let u = 103 - 47. What is the remainder when u is divided by a(1)?
18
Suppose 5*t - 430 = -3*k - 59, -4*t + 4 = 0. Calculate the remainder when k is divided by 13.
5
Suppose 2*l = -j + 4, -42 = -4*j - 2*l + 7*l. Let s = 12 + -10. Suppose 4*d - j = -2*a + 28, 2*d = s*a - 24. Calculate the remainder when 25 is divided by a.
11
Let y(p) = 4*p - 23. Suppose j = 4*j - 15. Suppose -j*k + 61 + 14 = -2*m, -3*m + 24 = 3*k. Calculate the remainder when k is divided by y(7).
3
Suppose 0 = 2*n - 3*n - 40. Let w = 72 + n. Calculate the remainder when w is divided by 17.
15
Suppose -108*z + 107*z = -28. What is the remainder when z is divided by 25?
3
Let t(y) = -15*y - 3. Let v be t(-2). Suppose n - v = -8. Calculate the remainder when 75 is divided by n.
18
Suppose 2*f = 12*g - 17*g + 103, -133 = -2*f + 5*g. What is the remainder when f is divided by 21?
17
Let t = 48 + -7. Suppose 0 = 3*n + 8 - t. Calculate the remainder when 25 is divided by (n/33)/(1/42).
11
Let q = 28 - 57. Let m = q - -29. Suppose 0 = -4*p + 20, 3*p + 43 = r - m*p. Calculate the remainder when r is divided by 12.
10
Suppose 4 = 2*d + 6. Let a be d - ((1 - 3) + -3). Suppose 14 = 2*g + k, 0*g - 30 = -a*g - k. What is the remainder when 15 is divided by g?
7
Suppose 30 + 26 = 4*s. Suppose 164 - s = 5*j. Suppose 5*q + 2*w = 3*w + 39, -5*w = -5. Calculate the remainder when j is divided by q.
6
Suppose -5*z + 60 = -5*v + 5, 0 = -2*z - 3*v - 3. Suppose 4 = -z*g + 184. Calculate the remainder when g is divided by 19.
11
Suppose 3*l + 12 = 0, o = -5*l + l + 25. Calculate the remainder when 325 is divided by o.
38
Let z = 43 + -29. Suppose -4*v - v = 20. Let f = v + z. What is the remainder when 37 is divided by f?
7
Let i = 646 - 628. What is the remainder when 46 is divided by i?
10
Let h = -126 - -139. Calculate the remainder when 63 is divided by h.
11
Let m(k) = k**3 + 12*k**2 - 8*k - 40. Let w be m(-12). Suppose d + w = 9*d. What is the remainder when 41 is divided by d?
6
Suppose 35 + 7 = -3*a. Let n be (-24)/a + 4/14. Suppose -n*q + 213 = 5*o, -4*o - 2*q = -5*o + 45. What is the remainder when o is divided by 11?
10
Suppose l + 3*l - 68 = 0. Let v = 91 + -158. What is the remainder when ((-5)/(-5))/((-1)/v) is divided by l?
16
Let n(m) be the first derivative of -9*m**2/2 + 5*m - 3. Let g be n(-9). Calculate the remainder when 41 is divided by g/8 + 7/28.
8
Calculate the remainder when (-3 - -18 - 3) + -7 - -382 is divided by 23.
19
What is the remainder when (-8)/6*(-246)/4 is divided by 14?
12
Suppose -5*h + 8 = -z + 2*z, 4*h = 2*z + 12. Let b(v) = 18*v**2 + 3*v + 5. Calculate the remainder when b(z) is divided by 19.
14
Let b(x) = x**2 - 54*x + 11. What is the remainder when 51 is divided by b(0)?
7
Let f(j) = -j**2 - 3*j + 3. Let u be f(-4). Suppose 4*h = 99 + 65. Calculate the remainder when h is divided by (8/12)/(u*2/(-42)).
13
Let s(z) = 4*z**3 - z**2 + z + 2. Suppose h - 4*m = 130, 2*h - 2*m + 3*m = 251. Calculate the remainder when h is divided by s(2).
30
Suppose -5 = -f - 7, 0 = z - 4*f - 23. What is the remainder when 51 is divided by z?
6
Let j = 65 + -31. Suppose -9*f - 800 = -17*f. Calculate the remainder when f is divided by j.
32
Suppose 3*n - z - 316 = -34, 3*n - 300 = -5*z. Let x = n + -70. What is the remainder when 74 is divided by x?
24
Let u(s) = -s**3 - 38*s**2 - 76*s - 71. Calculate the remainder when u(-36) is divided by 18.
1
Suppose -4*y = 6*n - 3*n - 34, 2*y = -10. Let z be (0 - (1 + -3))/((-10)/220). Let v = z - -77. Calculate the remainder when v is divided by n.
15
Suppose 2*i - 1 - 5 = 0. Suppose -2*g + i*g = 4*j + 14, -4*g + 161 = 5*j. Suppose 0 = -67*b - 100*b + 2004. What is the remainder when g is divided by b?
10
Let b(m) = 3*m**3 - 7*m**2 + 16*m - 45. What is the remainder when 272 is divided by b(3)?
20
Let d(i) = 16*i**2 + 7*i - 6. What is the remainder when 491 is divided by d(1)?
15
Let q = -724 - -754. What is the remainder when 507 is divided by q?
27
Let v(z) be the third derivative of -z**6/120 - 2*z**5/15 - 3*z**4/8 - z**3/6 + 5*z**2. What is the remainder when 49 is divided by v(-7)?
10
Suppose 2*n = 4, 3*n = 3*z - 5*z + 1078. What is the remainder when z is divided by 11?
8
Let t be 10/35 - (-158)/(-14). Let g be (-4*2)/((-11)/t). Calculate the remainder when 25 is divided by 70/4*g/(-10).
11
Let g(d) = -119*d - 51. Let y = 21 - 9. Calculate the remainder when g(-1) is divided by (-146)/(-8) + (-3)/y.
14
Suppose -2*d + 3*w + 279 = 0, 2*d + 2*d - 559 = 5*w. What is the remainder when d is divided by 12?
9
Suppose 17*a - 19*a + 96 = 0. Calculate the remainder when a is divided by 13.
9
Suppose -36*d + 616 = -14*d. What is the remainder when d is divided by 11?
6
Suppose 3*h = 42 + 57. Let w = h + -50. Let d = w - -23. What is the remainder when 20 is divided by d?
2
Suppose -364 = -5*x + 421. What is the remainder when 1569 is divided by x?
156
Let l be -22*(0 + 0 + 1). Let y = 35 + l. Let p = -2 + 9. Calculate the remainder when y is divided by p.
6
Suppose 0 = -3*p - 13*p + 80. What is the remainder when 11 is divided by p?
1
Let k be (-4 + -2)/((-6)/4). Let g(v) = -100*v + 15. Let r(t) = 25*t - 4. Let d(j) = 2*g(j) + 9*r(j). What is the rem